ulate (1 - 8 - -15) + -2 + -16.
-10
What is -3 - -13 - (2 + 8 + -5)?
5
(-7 - -11) + (-3 - 5)
-4
Calculate (1 - (-8 + 18)) + 5 + -4.
-8
Calculate 0 + (4 - 2) + -4.
-2
What is the value of -2 - ((1 - 4) + (-6 - -8))?
-1
What is 4 + -1 + -1 - (-103 + 103)?
2
What is the value of (-14 - -3) + 22 + -2?
9
Calculate (-6 - -2) + 2 - (1 - -1).
-4
Calculate -2 - (4 - 2 - 3).
-1
What is 5 - (4 + -1) - 1?
1
-84 + 87 - (-1 + 1)
3
Calculate 0 + (3 + -4 - -4).
3
Evaluate 10 + (-4 - -2) + 8 + -20.
-4
What is -5 + 9 - (14 + -5)?
-5
What is 1 - (5 - (-3 + 3))?
-4
Calculate -3 - -7 - (3 + 3).
-2
-2 + -4 - (-2 + 1)
-5
What is 2 + 1 + (2 - 4)?
1
What is the value of (7 - 11) + 1 + 4?
1
Evaluate -4 + 5 + (-1 + -2 - -1).
-1
Calculate 7 + (-11 - (-10 - -7)).
-1
What is 1 + 0 - 5 - -3?
-1
Evaluate -1 - (2 + 5 - 3).
-5
What is 11 + 9 + -9 + -11?
0
Evaluate (11 + -12 - -5) + -6.
-2
What is 10 + 4 + -2 - 5?
7
Calculate (-2 + 4 - (1 - -1)) + 3.
3
What is the value of 0 - (-2 + 6 - (0 + -2))?
-6
Calculate (5 - (4 - -2)) + 7 + -1.
5
What is 7 + -7 + (-8 - -7) - -1?
0
Calculate -8 - ((16 - 8) + -11 + 1).
-6
(10 - 6) + -1 + 1 + -1
3
What is 1 + -10 + (68 - 61)?
-2
Calculate (-2 - -1) + -9 + 6.
-4
-6 - (-4 - (-1 + (2 - 1)))
-2
What is -11 + (3 - (-12 + 6))?
-2
Evaluate 11 + -11 - 15 - -8.
-7
What is the value of 2 + (0 - (0 + 1 + 6))?
-5
Calculate 27 - 26 - (-3 - 2).
6
Evaluate 1 + -2 + 5 - 9.
-5
Evaluate 5 + (3 + -3 - 5) + 2.
2
(5 - 2) + 1 - (42 - 45)
7
Evaluate -95 + 107 - (2 - (-1 + -1)).
8
What is (0 - 0) + (-10 - -13)?
3
Calculate -2 + 5 + -7 + 2.
-2
What is 8 + (-6 + 12 - 6 - 6)?
2
What is the value of 7 + -2 + -3 + 0?
2
What is 1 - (4 + 0) - (289 - 301)?
9
What is the value of -7 + -1 - (-9 - -2)?
-1
Evaluate -1 - -2 - (-4 + 1).
4
Evaluate 5 + (6 + -9 + 0 - 2).
0
What is the value of 2 + (0 - (-3 + 0))?
5
What is the value of -3 + (4 - 4) + -1?
-4
Calculate (15 - (-9 + 19)) + -7.
-2
-2 - 5 - (9 - 3) - -4
-9
Evaluate (3 + 7 - 8) + 2.
4
What is the value of (22 - 21) + 0 + 0 + 2?
3
What is 1 + -4 + (-3 - -3 - -7)?
4
Evaluate 27 - 19 - (-6 - -6).
8
Evaluate 1 - 2 - (-1 + 1).
-1
What is the value of (25 - 20 - 12) + (-2 - 1)?
-10
What is (-5 - -6) + (-1 - (-5 - 0))?
5
What is the value of 5 - (-6 + 0 + (12 - 6))?
5
Evaluate (1 - 7) + (-1 - 1 - 0).
-8
What is the value of 1 + ((-6 - -10) + 2 - 10)?
-3
What is -1 + -2 + 0 + 2?
-1
Evaluate -1 + 8 + (-9 - -6) + -8.
-4
-24 - -16 - -3 - (1 + -14)
8
What is the value of -7 + -6 + 8 - (-7 - 3)?
5
What is the value of -6 + 0 + (6 - 2) + 1?
-1
Evaluate -9 + (4 - -1) - -1.
-3
What is -3 - (5 - (1 - (-4 - 1)))?
-2
Calculate (-3 - -10) + -2 + -2 - 0.
3
Calculate -1 + 9 + -71 + 63.
0
Calculate 8 - 3 - 9 - (-5 - -1).
0
Evaluate -1 - 2 - (10 + (-4 - 15)).
6
Calculate -2 - -3 - -8 - 5.
4
What is (-5 + -1 - -2) + 6?
2
What is (-271 - -265) + (-1 - (1 - 9))?
1
Evaluate 6 + -5 + (-1 - 2) + 1.
-1
Evaluate 1 + 3 - 4 - (3 + 1).
-4
What is the value of 5 + 1 - (12 - 5)?
-1
Evaluate -6 + 6 + (0 - 0) + 5.
5
-13 - -4 - (0 + -4 + -1)
-4
-6 + 14 + -8 - 4
-4
-86 + 87 + -4 + 2
-1
(-3 + -1 - -1) + 1 + 6
4
What is (-3 + 3 - 1) + -3?
-4
3 + 5 + -11 + 2 + -1
-2
1 - (1 + -1) - (-64 - -61)
4
What is the value of -1 + -8 + 0 + 6 + -1?
-4
Calculate (-12 - -15) + 9 + (1 - 6).
7
Evaluate -4 + (-10 + -2 + 3 - -5).
-8
Calculate -122 - -125 - (3 - (0 + 0)).
0
What is (1 - (-1 - 1 - -2)) + 3?
4
Calculate -2 + 9 + -6 + 4 + -2.
3
Calculate (0 - -7) + -2 - (1 - 0).
4
Evaluate 1 - -1 - (13 + -8).
-3
Calculate 1 + 3 + (7 - (-6 - -11)).
6
Calculate -17 - (-2 + -1 + -7).
-7
(1 - -1) + 0 + (7 - 5)
4
What is (2 - -8) + -5 + -7?
-2
What is the value of 12 + -18 + (3 - 0)?
-3
10 + -1 - (-2 - (-6 + -1))
4
What is (-13 + 7 - -3) + (0 - -3)?
0
What is -2 - 0 - -7 - (2 + 2)?
1
Calculate -1 + (0 + -3 - -2) + 4.
2
Evaluate 21 - ((-10 - -28) + -7).
10
-7 + 1 - -1 - (-6 + 3)
-2
What is the value of 4 - (5 + -4 - -4)?
-1
What is the value of 3 + (1 - ((6 - 6) + -6))?
10
What is the value of 1 + (13 - 0) + -9?
5
What is the value of 0 + 0 + -2 + (-4 - -7)?
1
What is the value of 19 + -26 - (-9 + -3)?
5
What is (6 - (1 - 2)) + -3 - -1?
5
-1 - (2 + -1 + 0 + -3)
1
What is the value of 2 + 3 + 12 + -13?
4
What is (-4 - 3 - -8) + 4 + 0?
5
-7 + (16 - 7) - (11 + -3)
-6
What is the value of -8 - (-15 - -8) - (-2 + -1)?
2
What is the value of 17 + -31 + 6 - (2 - 13)?
3
Evaluate 1 + -2 + -10 + 3 + 2.
-6
Calculate -3 - (-10 + 7 + 1 + -5).
4
What is the value of -5 + (-3 - -15 - 6) + -1?
0
Evaluate -1 - 2 - ((-2 - -9) + -5).
-5
-1 - (-1 - 1 - (4 - 4))
1
Calculate (-10 - 4) + 7 + 9.
2
What is 6 + (-2 + 2 - 10)?
-4
Calculate (-5 - -5) + 3 - 0.
3
Evaluate -10 + -2 + 9 + 4.
1
What is -13 - -13 - (3 + -1)?
-2
Calculate 1 - -2 - (1 + 2).
0
What is -3 - (-1 + (1 - 3) + -4)?
4
What is (8 + -8 - (2 + -5)) + -3?
0
What is the value of (5 - (-1 - -6)) + -5?
-5
3 + -2 + 1 + 0 - 3
-1
What is (2 - -3) + 1 - 2 - 4?
0
(-2 - -1) + -4 + 7 + -1
1
What is the value of 7 + -22 + (3 - (-1 - 1))?
-10
What is -14 + (-7 - (-1 + -17 + 4))?
-7
-8 - (6 - 9) - -7
2
What is the value of 11 - (32 + -4 + -10)?
-7
What is (7 - (3 + 1)) + 4 - 3?
4
(-1 - 4) + 2 + (-8 - -6)
-5
Calculate (5 - 0 - (-6 + 15)) + 3.
-1
Calculate 4 + (0 - 10) + -22 + 25.
-3
Calculate -8 + -6 + (-1 + -4 - -17).
-2
What is the value of 3 - 4 - (4 - 0) - -3?
-2
Evaluate -2 - (1 + 3) - -10 - 1.
3
What is 8 + 8 + -4 + -10?
2
Calculate 6 + -4 + 6 + -9.
-1
What is -7 - (4 + -8) - -3 - 1?
-1
What is the value of -1 + 7 + -1 - -1?
6
Evaluate 7 - 5 - (3 + (5 - 6)).
0
What is the value of -8 - -5 - -3 - 1?
-1
7 - (3 + 2) - (5 + -4)
1
What is the value of 2 - (-7 - (-9 + (0 - -4)))?
4
9 + (-12 - -4 - (-3 + -1))
5
Evaluate -4 + (-3 - -7 - 0).
0
8 + -7 + -1 + (1 - 2)
-1
What is (5 - 0 - (11 + -1)) + 2?
-3
What is -11 + (-6 - -14) + -1 + 1?
-3
Calculate 1 - 2 - (-8 + 2).
5
What is the value of 5 - (0 - (-2 + 7 + -5))?
5
What is -6 - -3 - (-9 - (-2 + 0))?
4
What is the value of -10 - -1 - (19 + -22)?
-6
What is (2 - 10) + (23 - 16) - -4?
3
Calculate 7 + -5 + -3 - (-2 - 1).
2
8 - (-1 + 0 + 1 + 6)
2
What is 0 + (-5 - (3 - 11))?
3
What is 68 + -71 + 8 + 0?
5
What is 4 + 4 + (-7 - -5)?
6
Calculate -3 - -4 - ((-1 - -3) + 0).
-1
Evaluate 1 + -4 + (-10 - -14) + -2.
-1
What is (12 + -15 - (-3 - -2)) + -2?
-4
Calculate -6 - -4 - -3 - -8.
9
Evaluate (1 - (3 - (1 - -3))) + -3.
-1
Evaluate (-7 - (-16 - -4)) + -7.
-2
Calculate 0 + -2 + 2 + (-4 - -5).
1
What is 10 - (11 + -6 + 8)?
-3
What is the value of -12 + 8 - (0 + 1 + -2)?
-3
What is the value of -1 + -2 - (-7 - (7 - 14))?
-3
Calculate -2 + 5 + (-5 - 1).
-3
What is the value of -1 + 3 - 2 - 1?
-1
-1 - (-3 - (-3 + 6))
5
Calculate 8 + 2 + -6 - (7 - 3).
0
Evaluate (-7 - -1) + (-42 - -48).
0
What is 0 + (-23 + 14 - (1 + -5))?
-5
Evaluate 3 - 1 - 1 - (79 + -74).
-4
Calculate -9 - (-10 - (11 + -4)).
8
What is (1 + 2 - -2) + 2 - 2?
5
What is the value of 7 - (-1 - -3) - 1?
4
Calculate 3 - (4 - -3) - -1.
-3
Evaluate 9 - (3 + 2 - 1).
5
Calculate -4 + 4 - (-1 - -4).
-3
-11 - -12 - (5 + -1)
-3
What is the value of 7 + (-4 + 5 - 11)?
-3
What is the value of 1 + (-3 - -1) - -4 - 8?
-5
-15 + (7 - -1) + -1 + 10
2
Calculate -3 + (-2 - -2) + -2.
-5
Evaluate -1 - (-3 - -3) - 0.
-1
(-1 - 1 - -4) + -6 + -1
-5
What is the value of (-7 - -2) + 5 + -1?
-1
(255 - 272) + (8 - 1)
-10
What is the value of (-8 - -4) + (-11 + 2 - -5)?
-8
Evaluate 3 - (17 + 4 + -11).
-7
Calculate 16 + -8 + -3 - 0.
5
Evaluate -5 + -5 + 20 + -4.
6
Calculate 6 - (-1 + 5) - -8 - 3.
7
Evaluate -1 + 6 - 1 - (8 + -4).
0
What is the value of -9 + (-10 - (5 + -9)) + 11?
-4
Evaluate (0 + 0 - 3) + 111 + -106.
2
(-4 - (4 - 8)) + 3 + 2
5
What is the value of 6 + -7 + (0 - -2)?
1
-1 - -2 - (-21 + 17)
5
Evaluate 3 + (-8 - -18) + -6.
7
Calculate -4 - (-2 + -6) - 2.
2
1 + -7 + 91 + -89
-4
(3 - 0) + (-26 - -19)
-4
What is the value of -1 - 2 - (7 + -12)?
2
Evaluate -23 + 16 + (0 - -3).
-4
What is (2 - (4 + -3)) + 6 + -4?
3
1 - (-5 + 2 + -3)
7
Evaluate 0 + -6 + 4 + -3.
-5
Evaluate 6 + 1 + -1 + -1.
5
What is the value of 1 - 0 - (8 - 4 - 4)?
1
Calculate -15 - (11 + -8 + -12).
-6
Calculate (-3 - (13 - 7)) + 6.
-3
What is (1 - 3 - -3 - -4) + -3?
2
Evaluate 8 + -10 + (2 - 2 - -8).
6
Evaluate -9 - (7 - 5) - -9.
-2
1 + -1 - 1 - (-1181 - -1170)
10
What is the value of (10 - 13 - (-7 - 0)) + 0?
4
Wha